hat are the prime factors of 4456?
2, 557
What are the prime factors of 1415?
5, 283
What are the prime factors of 3734?
2, 1867
List the prime factors of 11343.
3, 19, 199
What are the prime factors of 31702?
2, 11, 131
List the prime factors of 71011.
71011
What are the prime factors of 15639?
3, 13, 401
What are the prime factors of 30728?
2, 23, 167
What are the prime factors of 2524?
2, 631
List the prime factors of 4083.
3, 1361
List the prime factors of 33574.
2, 16787
List the prime factors of 4343.
43, 101
List the prime factors of 683.
683
What are the prime factors of 20710?
2, 5, 19, 109
What are the prime factors of 9581?
11, 13, 67
What are the prime factors of 6961?
6961
What are the prime factors of 4432?
2, 277
What are the prime factors of 1203?
3, 401
What are the prime factors of 20703?
3, 67, 103
List the prime factors of 6803.
6803
What are the prime factors of 13604?
2, 19, 179
List the prime factors of 388.
2, 97
List the prime factors of 931.
7, 19
List the prime factors of 2289.
3, 7, 109
What are the prime factors of 85893?
3, 28631
What are the prime factors of 75200?
2, 5, 47
List the prime factors of 9591.
3, 23, 139
What are the prime factors of 7886?
2, 3943
What are the prime factors of 53099?
29, 1831
List the prime factors of 19525.
5, 11, 71
List the prime factors of 100762.
2, 83, 607
What are the prime factors of 6667?
59, 113
List the prime factors of 2717.
11, 13, 19
What are the prime factors of 6953?
17, 409
List the prime factors of 11871.
3, 1319
What are the prime factors of 93923?
93923
What are the prime factors of 1541?
23, 67
List the prime factors of 131.
131
List the prime factors of 34952.
2, 17, 257
List the prime factors of 2815.
5, 563
List the prime factors of 71.
71
List the prime factors of 35966.
2, 7, 367
What are the prime factors of 20410?
2, 5, 13, 157
What are the prime factors of 157920?
2, 3, 5, 7, 47
List the prime factors of 10952.
2, 37
What are the prime factors of 27218?
2, 31, 439
List the prime factors of 35714.
2, 7, 2551
What are the prime factors of 920?
2, 5, 23
What are the prime factors of 1939?
7, 277
What are the prime factors of 4301?
11, 17, 23
List the prime factors of 3829.
7, 547
What are the prime factors of 7413?
3, 7, 353
List the prime factors of 525.
3, 5, 7
List the prime factors of 9682.
2, 47, 103
What are the prime factors of 4771?
13, 367
List the prime factors of 19762.
2, 41, 241
What are the prime factors of 284?
2, 71
What are the prime factors of 71393?
7, 31, 47
List the prime factors of 4371.
3, 31, 47
List the prime factors of 122201.
122201
What are the prime factors of 44497?
44497
What are the prime factors of 107903?
107903
What are the prime factors of 5760?
2, 3, 5
What are the prime factors of 293?
293
List the prime factors of 9806.
2, 4903
List the prime factors of 3123.
3, 347
List the prime factors of 921.
3, 307
What are the prime factors of 673?
673
List the prime factors of 298.
2, 149
What are the prime factors of 7371?
3, 7, 13
What are the prime factors of 12208?
2, 7, 109
List the prime factors of 800.
2, 5
What are the prime factors of 11748?
2, 3, 11, 89
List the prime factors of 2199.
3, 733
What are the prime factors of 15057?
3, 7, 239
What are the prime factors of 1055?
5, 211
List the prime factors of 1003.
17, 59
List the prime factors of 77476.
2, 7, 2767
What are the prime factors of 1163?
1163
What are the prime factors of 21151?
13, 1627
What are the prime factors of 4945?
5, 23, 43
List the prime factors of 9031.
11, 821
List the prime factors of 4799.
4799
What are the prime factors of 1454?
2, 727
What are the prime factors of 3462?
2, 3, 577
List the prime factors of 191227.
191227
List the prime factors of 11515.
5, 7, 47
What are the prime factors of 362?
2, 181
List the prime factors of 17448.
2, 3, 727
What are the prime factors of 1366?
2, 683
What are the prime factors of 53293?
137, 389
List the prime factors of 25162.
2, 23, 547
List the prime factors of 24575.
5, 983
What are the prime factors of 77489?
77489
List the prime factors of 30335.
5, 6067
List the prime factors of 61784.
2, 7723
What are the prime factors of 35593?
35593
What are the prime factors of 12458?
2, 6229
List the prime factors of 134.
2, 67
What are the prime factors of 1557?
3, 173
List the prime factors of 2221.
2221
List the prime factors of 81663.
3, 163, 167
List the prime factors of 13757.
13757
List the prime factors of 2823.
3, 941
What are the prime factors of 17744?
2, 1109
What are the prime factors of 3304?
2, 7, 59
What are the prime factors of 8401?
31, 271
What are the prime factors of 54022?
2, 27011
What are the prime factors of 669?
3, 223
List the prime factors of 3508.
2, 877
List the prime factors of 8048.
2, 503
List the prime factors of 2019.
3, 673
List the prime factors of 685.
5, 137
What are the prime factors of 19015?
5, 3803
List the prime factors of 2814.
2, 3, 7, 67
What are the prime factors of 11646?
2, 3, 647
What are the prime factors of 50678?
2, 25339
What are the prime factors of 20530?
2, 5, 2053
List the prime factors of 12910.
2, 5, 1291
List the prime factors of 38672.
2, 2417
What are the prime factors of 1149?
3, 383
List the prime factors of 20058.
2, 3, 3343
List the prime factors of 10278.
2, 3, 571
List the prime factors of 11395.
5, 43, 53
List the prime factors of 3255.
3, 5, 7, 31
List the prime factors of 18546.
2, 3, 11, 281
What are the prime factors of 107965?
5, 11, 13, 151
What are the prime factors of 3356?
2, 839
What are the prime factors of 2002?
2, 7, 11, 13
List the prime factors of 93139.
93139
What are the prime factors of 8947?
23, 389
What are the prime factors of 837?
3, 31
List the prime factors of 31316.
2, 7829
List the prime factors of 128806.
2, 64403
List the prime factors of 4671.
3, 173
List the prime factors of 484.
2, 11
What are the prime factors of 382?
2, 191
List the prime factors of 117521.
17, 31, 223
What are the prime factors of 49751?
13, 43, 89
What are the prime factors of 1383?
3, 461
List the prime factors of 10570.
2, 5, 7, 151
List the prime factors of 1024.
2
What are the prime factors of 24962?
2, 7, 1783
What are the prime factors of 49960?
2, 5, 1249
What are the prime factors of 63994?
2, 7, 653
What are the prime factors of 69604?
2, 17401
List the prime factors of 995.
5, 199
List the prime factors of 1996.
2, 499
List the prime factors of 2968.
2, 7, 53
List the prime factors of 7213.
7213
List the prime factors of 102370.
2, 5, 29, 353
What are the prime factors of 4650?
2, 3, 5, 31
What are the prime factors of 577?
577
What are the prime factors of 28718?
2, 83, 173
List the prime factors of 467.
467
List the prime factors of 2067.
3, 13, 53
List the prime factors of 36398.
2, 18199
What are the prime factors of 44422?
2, 7, 19, 167
What are the prime factors of 163466?
2, 37, 47
List the prime factors of 43675.
5, 1747
List the prime factors of 75192.
2, 3, 13, 241
List the prime factors of 3551.
53, 67
List the prime factors of 602.
2, 7, 43
What are the prime factors of 1312?
2, 41
List the prime factors of 8303.
19, 23
What are the prime factors of 6041?
7, 863
List the prime factors of 465.
3, 5, 31
What are the prime factors of 5579?
7, 797
What are the prime factors of 555?
3, 5, 37
What are the prime factors of 19815?
3, 5, 1321
What are the prime factors of 3377?
11, 307
List the prime factors of 632.
2, 79
List the prime factors of 4216.
2, 17, 31
What are the prime factors of 2164?
2, 541
List the prime factors of 4813.
4813
List the prime factors of 308.
2, 7, 11
What are the prime factors of 1531?
1531
What are the prime factors of 726?
2, 3, 11
List the prime factors of 38707.
38707
List the prime factors of 4522.
2, 7, 17, 19
What are the prime factors of 3274?
2, 1637
List the prime factors of 120789.
3, 13421
What are the prime factors of 4552?
2, 569
What are the prime factors of 3529?
3529
What are the prime factors of 4850?
2, 5, 97
What are the prime factors of 166964?
2, 7, 67, 89
What are the prime factors of 16217?
16217
What are the prime factors of 2819?
2819
What are the prime factors of 751?
751
List the prime factors of 2653.
7, 379
What are the prime factors of 2432?
2, 19
What are the prime